igit of (i + -3)*(-6)/4?
9
Let p(o) = -2*o + 3. Suppose 2*c - 8 = -2*c. Let w be p(c). What is the units digit of (-2)/w - (-4 - -2)?
4
Suppose 0 = -3*j - u - 3*u - 11, 4*u = -2*j - 10. Let o be j/(-3) - (-16)/6. Suppose -4*q + 10 = -2*r, -o*q = r - 17 + 2. What is the units digit of q?
4
Let y(j) = -j - 6. Let n(q) = -q - 5. Let l(b) = -4*n(b) + 3*y(b). Let i be l(-1). What is the units digit of (-6)/(i - (-21)/(-12))?
8
Let c(q) = q**2 - 4*q. Suppose 3*i = 1 + 14. What is the units digit of c(i)?
5
Let u(s) = 8*s**3 - 3*s**2 - 3*s - 2. What is the hundreds digit of u(3)?
1
Let x = -28 - -50. What is the tens digit of x?
2
Suppose -f = -2*f - 3. Let v = f - -3. Suppose v = -g - 0 + 10. What is the tens digit of g?
1
Suppose -2*d = u - 4, -3*u = 3*d + u - 6. Let v = 0 + d. Suppose 10 = -2*o - 4*m - 6, v*m = -5*o. What is the units digit of o?
2
Let t = 104 + -44. What is the units digit of t?
0
Suppose 0 = 3*r + 5*o - 64, 3*o = -2*r + 8 + 33. What is the units digit of r?
3
Let o = 12 + 5. Suppose 5*d + 3*h = 47 - o, -6 = d + 3*h. What is the units digit of d?
9
Suppose -o - 23 = -2*l, -5*o - 20 = -2*l - 1. Suppose -r + l - 3 = 0. What is the units digit of r?
9
Let z be (105/4)/((-2)/(-24)). Suppose 3*q + z = -5*v, -4*v = -0*v + 4*q + 252. What is the units digit of 1/4 + v/(-4)?
6
Let n = 6 + -4. Let r(m) = -5*m + 0 + 3 + 0*m**2 + n*m**2. What is the units digit of r(3)?
6
Suppose 0 = 8*c - 631 - 9. What is the units digit of c?
0
Suppose 0 = 2*n - 3*n + 2. Suppose -6*z = -2*z - n*l - 4, -z = 2*l - 1. Let i = z + 0. What is the units digit of i?
1
Let w(i) = 2*i + 14. Let t(r) = 5*r + 43. Let b(s) = 3*t(s) - 8*w(s). What is the units digit of b(0)?
7
Let f(z) = z + 6. Suppose 2*m + 4*r - 3 = 9, 0 = -3*m - r - 7. What is the units digit of f(m)?
2
Let j(p) = p**3 + 20*p**2 + 17*p + 5. What is the tens digit of j(-19)?
4
Suppose 104 = 4*t - 0*t. Suppose 3*l + 5 = t. What is the units digit of l?
7
Let c be -8*4/6*-3. Let m = -10 + c. What is the units digit of m?
6
Let q(l) = 45*l**3 + l**2 - l. What is the units digit of q(1)?
5
Let t(a) = 2*a**2 - 5*a + 4. Let b = 14 + -17. What is the tens digit of t(b)?
3
Let o(u) be the third derivative of u**6/120 - 7*u**5/60 + 7*u**4/24 - 5*u**3/6 - 4*u**2. What is the units digit of o(6)?
1
Let j = 2 - -1. Let q = j + 1. Suppose q*u = 2*u + 6. What is the units digit of u?
3
Let j(c) = c**2 - 3*c + 2. Let a be j(3). What is the units digit of a/(-2)*(-1 + -4)?
5
Suppose 5*t + 287 = 3*i - 0*i, -2*i = t - 187. What is the units digit of i?
4
Let f(g) = g - 3. Let o be f(4). Suppose -3*k + 65 = -8*k + 2*a, k = -2*a - o. What is the tens digit of 3 - 2*k/2?
1
Let q(f) = -f**2 + 12*f - 1. Let w be q(11). Let l(g) = 2*g - 10. What is the tens digit of l(w)?
1
Let a(r) = -r - 8. Let o be a(-11). Suppose -95 = -2*x - o*x. What is the units digit of x?
9
Suppose -3*a = -2*a. Suppose 2*l + 2*l - 48 = -n, a = l - 2*n - 21. What is the tens digit of l?
1
Let c(j) = -j - 1. Suppose -2*g + o - 15 = 0, -4*g + 8*o - 33 = 3*o. What is the units digit of c(g)?
6
Suppose 0 = 4*m - 103 - 145. What is the units digit of m?
2
Let q(l) = -4*l - l - 3*l**3 - l**3 - 3 + 3*l**3 - 4*l**2. Let f be q(-3). Suppose 3*n + 2*n + 29 = 3*x, 0 = -f*x - 4*n + 47. What is the units digit of x?
3
Let z(u) = -u**2 + 9*u - 1. Let b be z(6). Suppose -3*n = -4*t - b - 59, -93 = -4*n - 3*t. Suppose 5*q = 16 + n. What is the units digit of q?
8
Suppose -s = -19 - 0. Suppose 4*r + g = -0*r + s, 0 = -2*r + g + 5. What is the units digit of r?
4
Suppose 4*c = 18 + 102. Suppose 0 = -2*b - 2*l + c, l = b - l - 9. What is the units digit of b?
3
Suppose 3*l - 56 = 2*l. What is the units digit of l?
6
Let z(n) = 17*n**2 + 2*n + 1. What is the units digit of z(-1)?
6
Suppose 0 = s + 5*f + 24, -5*f + 3 = 5*s + 43. Let r = s + 8. Suppose r*i - 21 = 11. What is the units digit of i?
8
Suppose 0*p = -p. Suppose p = 4*y - 2*c - 40, -y = -2*c - 3*c - 10. What is the tens digit of y?
1
Suppose 0 = v + 3*l - 16, 0*l = 3*v - 2*l - 4. Suppose 0 = -g + 5*d - 16, v*g + 5*d + 9 = 70. What is the units digit of g?
9
What is the units digit of ((-31)/3)/(2/(-6))?
1
What is the units digit of 12/(-54)*105*(-3)/1?
0
Let i(j) = j + 3. Let s be i(-1). What is the tens digit of s/(-6) + 381/9?
4
Suppose -4*r = s - 342, 0 = -r + 2*s + 2*s + 94. What is the units digit of r?
6
Let s(b) = -b**2 - 7*b - 8. Let i be s(-6). Let t(n) = n**3 + n**2 - 2*n. Let z be t(i). What is the units digit of (z - 0) + (2 - 1)?
1
Let a(p) = -p**3 - p**2. Suppose -7 = q - 1. Let g(w) = -5*w**3 + 2*w. Let c(n) = q*a(n) + g(n). What is the tens digit of c(-5)?
1
Suppose 2*k + 20 - 98 = -5*l, -4*l = 5*k - 229. Suppose -9 + k = 5*w. What is the units digit of w?
8
Let f = 3 + -16. Let t = 18 + f. Suppose t*r + 2 - 52 = 0. What is the tens digit of r?
1
Suppose 2*o - 4*o = -10. Let z = 9 - 6. Suppose 0 = -5*g - 4*h + 2, z*h + 1 = -5*g + o. What is the units digit of g?
2
What is the tens digit of (210/(-25))/(6/(-20) + 0)?
2
Suppose -a = 2*h - 12, -13 = 2*a + h - 40. What is the tens digit of a?
1
Let x = -22 + 14. What is the tens digit of x/(-6)*198/12?
2
Suppose -1125 = -p - 4*p. What is the hundreds digit of p?
2
Let t(x) be the second derivative of x**4/6 - 3*x**3/2 + 2*x. Let k be t(6). What is the units digit of 140/k + 4/18?
8
Let l(d) = d**2. Let s be l(0). Suppose 2*g - 5*r = -3*g + 50, s = 5*r - 10. What is the tens digit of g?
1
Suppose 43 - 196 = -u. What is the tens digit of u?
5
Let j = 32 - -152. What is the tens digit of j?
8
Let g = 2 - -35. Suppose k = -5*i - 2*k + g, i - 6 = -2*k. What is the units digit of i?
8
Suppose 0 = 2*b + 1 + 1. Suppose 3*g = 6*g - 21. What is the units digit of 1 + g + 2/b?
6
Suppose 7 = -a - 2*a + 4*s, 3*a - 2*s + 5 = 0. Let j be a - (-2 + 1 + 2). Let i(d) = 4*d**2 + 2*d - 2. What is the tens digit of i(j)?
1
Let h(t) = t + 3*t + t + t**2 + 8. What is the units digit of h(-6)?
4
Suppose -c = c + 5*g - 27, -10 = -2*g. What is the units digit of c?
1
Let y = -39 + 49. What is the units digit of y?
0
Suppose -5*j + 133 = -0*j + 4*u, -12 = 4*u. What is the units digit of j?
9
Let i(v) = -4*v - 3. Suppose -j + 0*j = -4*w + 5, 5*w = j + 4. What is the units digit of i(j)?
3
Let z = 18 - 13. Suppose 7 - 3 = -3*k + 4*q, -k - 5*q = -z. Suppose 3*u - 4*n - 9 = 0, 4*u - 4*n + n - 12 = k. What is the units digit of u?
3
Suppose -c + 4 = -2*d, 6*c + 2*d - 16 = 2*c. Let g = -1 + c. Suppose -g*z + z + 5 = -i, 4 = 4*i. What is the units digit of z?
3
Suppose 5*b + 4*m = -71, -5 = 2*b - 4*m + 1. Let y(x) = x**2 + 3*x + 4. Let u be y(3). Let n = b + u. What is the units digit of n?
1
Suppose 208 = 6*i - 2*i. What is the units digit of i?
2
Suppose -4*h + 2*h = 0. Suppose 2*w - 6 = -h*w. Suppose a - w + 0 = 0. What is the units digit of a?
3
Let h(k) = 0*k - 8*k + 0*k + 4*k - 5. What is the tens digit of h(-11)?
3
Suppose j - 16 = -4*t, j + 5 = 2*t + 3. Let h be (-6)/j*32/(-24). Suppose -h*p - c = 2*p - 20, -3*p - 3*c + 6 = 0. What is the units digit of p?
6
Let o(t) = -t**3 - 25*t**2 - 26*t + 34. What is the units digit of o(-24)?
2
Suppose 3*g = -g + 80. Let h(v) = 2*v**3 + 2*v**2 - 2*v + 1. Let m be h(1). Suppose -g = -f - 2*x, -m*x - 37 + 116 = 5*f. What is the tens digit of f?
1
Let l = -5 + 8. Suppose -30 = -l*v - 2*v. What is the units digit of v?
6
Suppose -2*p + 6*p - 5*a = -25, 5*a - 25 = 5*p. Suppose p = -3*n + 5*j + 47 - 8, -3*n + 2*j + 39 = 0. What is the units digit of n?
3
What is the units digit of 1 - (-40)/2 - -3?
4
Suppose 17 = 5*a - 68. What is the tens digit of a?
1
What is the units digit of (0 - (-12)/10)/(25/1875)?
0
Let u = 120 - 27. What is the tens digit of u?
9
Suppose -6 = -2*p - p. Suppose p = u, -16 = -5*o + 2*o + u. What is the units digit of o?
6
Let d be 0 + 46/(4 + -2). Suppose -2*r + d = -23. Let s = -10 + r. What is the units digit of s?
3
Let j be ((-3)/9)/((-2)/12). Let i(d) = -j*d + 4*d + 2*d. What is the units digit of i(1)?
4
Suppose 6*k - 2 = 4*k. Suppose -3*m = -4 + k. What is the units digit of m?
1
Suppose 5*v - 25 = -5*c, -2*v + 2*c - c = -10. Suppose -12 = 4*s - 96. Suppose -9 = -v*y + s. What is the units digit of y?
6
Let h(u) = -u**3 - 4*u - 2. Let m be h(-3). Let w = m + -22. Suppose 0*c - w = -5*c. What is the unit